44657
What are the prime factors of 1242?
2, 3, 23
What are the prime factors of 1229?
1229
List the prime factors of 4818.
2, 3, 11, 73
List the prime factors of 683.
683
What are the prime factors of 41714?
2, 20857
List the prime factors of 214.
2, 107
What are the prime factors of 21745?
5, 4349
List the prime factors of 12757.
12757
List the prime factors of 1374.
2, 3, 229
What are the prime factors of 5158?
2, 2579
List the prime factors of 17768.
2, 2221
List the prime factors of 3715.
5, 743
List the prime factors of 11.
11
What are the prime factors of 221?
13, 17
List the prime factors of 21687.
3, 7229
List the prime factors of 4853.
23, 211
List the prime factors of 30678.
2, 3, 5113
What are the prime factors of 10354?
2, 31, 167
List the prime factors of 48962.
2, 24481
List the prime factors of 62632.
2, 7829
What are the prime factors of 15068?
2, 3767
List the prime factors of 1117.
1117
List the prime factors of 92935.
5, 18587
List the prime factors of 39092.
2, 29, 337
What are the prime factors of 8112?
2, 3, 13
List the prime factors of 328.
2, 41
List the prime factors of 7947.
3, 883
What are the prime factors of 1012?
2, 11, 23
What are the prime factors of 26672?
2, 1667
List the prime factors of 8709.
3, 2903
List the prime factors of 3461.
3461
What are the prime factors of 1814?
2, 907
What are the prime factors of 1531?
1531
What are the prime factors of 2468?
2, 617
List the prime factors of 220.
2, 5, 11
List the prime factors of 3082.
2, 23, 67
List the prime factors of 38378.
2, 31, 619
List the prime factors of 4080.
2, 3, 5, 17
What are the prime factors of 15256?
2, 1907
List the prime factors of 1679.
23, 73
List the prime factors of 2432.
2, 19
List the prime factors of 477.
3, 53
What are the prime factors of 8266?
2, 4133
List the prime factors of 512.
2
List the prime factors of 133422.
2, 3, 37, 601
What are the prime factors of 3621?
3, 17, 71
What are the prime factors of 215?
5, 43
What are the prime factors of 9604?
2, 7
List the prime factors of 67768.
2, 43, 197
List the prime factors of 812.
2, 7, 29
List the prime factors of 2446.
2, 1223
What are the prime factors of 3072?
2, 3
List the prime factors of 114050.
2, 5, 2281
List the prime factors of 10223.
10223
List the prime factors of 4304.
2, 269
What are the prime factors of 8806?
2, 7, 17, 37
List the prime factors of 4085.
5, 19, 43
List the prime factors of 3470.
2, 5, 347
What are the prime factors of 6787?
11, 617
List the prime factors of 122612.
2, 7, 29, 151
List the prime factors of 4274.
2, 2137
What are the prime factors of 341?
11, 31
What are the prime factors of 1013?
1013
List the prime factors of 30841.
30841
What are the prime factors of 3616?
2, 113
List the prime factors of 131648.
2, 11, 17
List the prime factors of 21407.
21407
What are the prime factors of 3510?
2, 3, 5, 13
What are the prime factors of 74617?
29, 31, 83
What are the prime factors of 76565?
5, 15313
What are the prime factors of 7459?
7459
What are the prime factors of 1162?
2, 7, 83
What are the prime factors of 128705?
5, 25741
List the prime factors of 66079.
13, 17, 23
What are the prime factors of 21180?
2, 3, 5, 353
What are the prime factors of 21668?
2, 5417
What are the prime factors of 4096?
2
List the prime factors of 44886.
2, 3, 7481
What are the prime factors of 6661?
6661
What are the prime factors of 397?
397
List the prime factors of 96870.
2, 3, 5, 3229
List the prime factors of 3781.
19, 199
List the prime factors of 36742.
2, 18371
List the prime factors of 32074.
2, 7, 29, 79
List the prime factors of 41191.
17, 2423
What are the prime factors of 26124?
2, 3, 7, 311
List the prime factors of 37683.
3, 53, 79
What are the prime factors of 33538?
2, 41, 409
List the prime factors of 2394.
2, 3, 7, 19
List the prime factors of 11777.
11777
What are the prime factors of 600?
2, 3, 5
List the prime factors of 11982.
2, 3, 1997
List the prime factors of 18796.
2, 37, 127
List the prime factors of 6365.
5, 19, 67
What are the prime factors of 96493?
96493
What are the prime factors of 1645?
5, 7, 47
What are the prime factors of 2840?
2, 5, 71
List the prime factors of 90873.
3, 23, 439
List the prime factors of 2077.
31, 67
List the prime factors of 565.
5, 113
List the prime factors of 277.
277
List the prime factors of 31265.
5, 13, 37
List the prime factors of 359.
359
What are the prime factors of 199?
199
What are the prime factors of 2677?
2677
What are the prime factors of 109785?
3, 5, 13, 563
What are the prime factors of 6357?
3, 13, 163
What are the prime factors of 166702?
2, 17, 4903
What are the prime factors of 15917?
11, 1447
What are the prime factors of 5545?
5, 1109
List the prime factors of 8505.
3, 5, 7
List the prime factors of 15631.
7, 11, 29
What are the prime factors of 10647?
3, 7, 13
List the prime factors of 2462.
2, 1231
List the prime factors of 3138.
2, 3, 523
List the prime factors of 32054.
2, 11, 31, 47
What are the prime factors of 63511?
7, 43, 211
List the prime factors of 22445.
5, 67
List the prime factors of 16057.
16057
List the prime factors of 1073.
29, 37
List the prime factors of 1191.
3, 397
What are the prime factors of 2505?
3, 5, 167
What are the prime factors of 95325?
3, 5, 31, 41
List the prime factors of 2081.
2081
What are the prime factors of 52270?
2, 5, 5227
What are the prime factors of 2013?
3, 11, 61
List the prime factors of 23812.
2, 5953
What are the prime factors of 80103?
3, 26701
What are the prime factors of 3241?
7, 463
List the prime factors of 30080.
2, 5, 47
List the prime factors of 2301.
3, 13, 59
List the prime factors of 932.
2, 233
What are the prime factors of 63675?
3, 5, 283
List the prime factors of 1361.
1361
List the prime factors of 722.
2, 19
What are the prime factors of 5129?
23, 223
List the prime factors of 2752.
2, 43
What are the prime factors of 10151?
10151
List the prime factors of 848.
2, 53
What are the prime factors of 906?
2, 3, 151
What are the prime factors of 1499?
1499
List the prime factors of 2902.
2, 1451
What are the prime factors of 32938?
2, 43, 383
List the prime factors of 6738.
2, 3, 1123
What are the prime factors of 115592?
2, 14449
What are the prime factors of 149051?
7, 107, 199
What are the prime factors of 403?
13, 31
List the prime factors of 38689.
7, 5527
List the prime factors of 2088.
2, 3, 29
What are the prime factors of 84040?
2, 5, 11, 191
List the prime factors of 4621.
4621
List the prime factors of 69024.
2, 3, 719
What are the prime factors of 325?
5, 13
List the prime factors of 68828.
2, 17207
List the prime factors of 44878.
2, 19, 1181
List the prime factors of 1228.
2, 307
What are the prime factors of 437?
19, 23
List the prime factors of 669.
3, 223
List the prime factors of 10428.
2, 3, 11, 79
What are the prime factors of 52531?
131, 401
What are the prime factors of 10248?
2, 3, 7, 61
What are the prime factors of 340?
2, 5, 17
What are the prime factors of 70094?
2, 101, 347
List the prime factors of 4717.
53, 89
List the prime factors of 417.
3, 139
List the prime factors of 24652.
2, 6163
List the prime factors of 803.
11, 73
List the prime factors of 4922.
2, 23, 107
List the prime factors of 1374.
2, 3, 229
List the prime factors of 4752.
2, 3, 11
List the prime factors of 210036.
2, 3, 23, 761
List the prime factors of 199.
199
What are the prime factors of 51760?
2, 5, 647
List the prime factors of 1743.
3, 7, 83
List the prime factors of 15722.
2, 7, 1123
What are the prime factors of 162323?
7, 23189
What are the prime factors of 1609?
1609
List the prime factors of 7722.
2, 3, 11, 13
What are the prime factors of 5067?
3, 563
What are the prime factors of 736?
2, 23
What are the prime factors of 1340?
2, 5, 67
List the prime factors of 3506.
2, 1753
What are the prime factors of 3401?
19, 179
What are the prime factors of 20876?
2, 17, 307
What are the prime factors of 1362?
2, 3, 227
List the prime factors of 2225.
5, 89
What are the prime factors of 2168?
2, 271
List the prime factors of 3359.
3359
List the prime factors of 4237.
19, 223
What are the prime factors of 27778?
2, 17, 19, 43
What are the prime factors of 17697?
3, 17, 347
List the prime factors of 3594.
2, 3, 599
What